*3 - 224*l**2 + 5017*l - 1235993. Calculate t(226).
1
Let x(y) = -3*y**3 - 26*y**2 - 457*y - 3087. Give x(-7).
-133
Let v(m) = 9513*m + 580287. Determine v(-61).
-6
Let l(k) = -6*k**3 + 38*k**2 - 40*k - 17. Give l(5).
-17
Let o(w) = 503*w - 10754. Determine o(17).
-2203
Let x(v) = -26*v**3 - 199*v**2 + 465*v - 266. Give x(1).
-26
Let w(m) = -22*m - 3373. Calculate w(-49).
-2295
Let s(h) = -h**2 + 59*h + 55329. What is s(-201)?
3069
Let l(o) = -9*o**3 + 5*o**2 - o + 1. Determine l(4).
-499
Let f(b) = -167*b**2 + 904*b - 42. What is f(5)?
303
Let p(l) = -l**3 + 99*l - 1975. What is p(0)?
-1975
Let r(c) = 167*c + 29277. Give r(-183).
-1284
Let i(u) = u**3 + 68*u**2 - 138*u - 20. What is i(-70)?
-160
Let j(t) = t**3 - 72*t**2 - 69*t - 279. Determine j(73).
13
Let h(n) = 28643*n + 143198. Give h(-5).
-17
Let h(b) = b**3 - 122*b**2 - 464*b - 5005. Calculate h(126).
35
Let c(v) = v**3 + 877*v**2 + 41352*v + 1654. What is c(-827)?
0
Let s(l) = 26928*l - 1804172. What is s(67)?
4
Let m(g) = 71*g**3 + 1704*g**2 + 7*g + 152. What is m(-24)?
-16
Let j(u) = 171*u - 582. Calculate j(3).
-69
Let v(u) = -2*u**3 - 4*u**2 + 29*u - 34. What is v(4)?
-110
Let p(x) = -x**3 + 33*x**2 + 449*x - 8414. What is p(39)?
-29
Let b(g) = -849*g - 1240. Give b(-2).
458
Let h(t) = 1656*t - 6170. Determine h(5).
2110
Let x(o) = -o**2 + 420*o - 1272. What is x(3)?
-21
Let p(b) = b**2 - 118356*b + 1420134. Determine p(12).
6
Let w(m) = m**3 + 25*m**2 + 75*m - 353. Give w(-7).
4
Let b(d) = -1476*d + 44606. Calculate b(30).
326
Let g(i) = -316*i - 13458. Give g(-38).
-1450
Let s(w) = 3831002*w - 45972019. What is s(12)?
5
Let v(h) = -h**3 + 326*h**2 + 5834*h - 1312. Calculate v(343).
-283
Let z(j) = -2594*j + 16522. Calculate z(6).
958
Let r(v) = 2*v**2 - 1479*v + 9036. Give r(6).
234
Let q(b) = b**2 - 6252*b - 37561. What is q(-6)?
-13
Let r(y) = -2*y**2 + 2406754*y + 7220274. Determine r(-3).
-6
Let b(i) = -2167*i**2 - 8533*i - 24. Determine b(-4).
-564
Let t(z) = -5737*z - 11106. Give t(-2).
368
Let o(z) = -17577*z + 17586. Give o(1).
9
Let j(g) = 223*g**2 + 9806*g - 235. Give j(-44).
29
Let z(m) = 566*m**2 - 63384*m - 904. Calculate z(112).
-8
Let y(p) = 94*p**2 - 6671*p - 256. Calculate y(71).
-43
Let y(v) = -v**2 - 491*v + 4495. Give y(9).
-5
Let u(f) = -2*f**3 + 100*f**2 - 181*f + 173. Determine u(48).
701
Let t(d) = 888*d + 11422. Determine t(-12).
766
Let k(o) = 87168*o + 21617662. Give k(-248).
-2
Let z(g) = 3349*g - 16725. Determine z(5).
20
Let d(c) = -5*c**3 + 48*c**2 + 55*c - 65. Give d(11).
-307
Let v(r) = 130*r**2 + 2416*r - 1020. Give v(-19).
6
Let v(g) = -3*g**2 - 12*g + 4613. Calculate v(-42).
-175
Let l(a) = a**3 - 448*a**2 + 10128*a + 20323. Determine l(424).
-29
Let p(x) = 2323*x**2 + 11600*x - 17. Calculate p(-5).
58
Let d(a) = -3133*a**2 - 15681*a - 71. Calculate d(-5).
9
Let i(w) = -3*w**2 - 543*w - 7504. Calculate i(-15).
-34
Let g(n) = -10*n**2 - 70*n - 111. Give g(-6).
-51
Let s(u) = -4*u**3 - 417*u**2 + 317*u + 4. Calculate s(-105).
-206
Let u(i) = -8*i**2 + 3454*i - 245556. Calculate u(342).
0
Let s(x) = x**2 - 704*x + 120873. What is s(269)?
3858
Let k(c) = c**3 + 152*c**2 + 1113*c - 3339. Determine k(-144).
2277
Let d(x) = 2*x**3 + 80*x**2 + 280*x - 120. Calculate d(-37).
-2266
Let s(a) = 9*a**2 + 649*a - 2616. Give s(4).
124
Let p(d) = -383*d + 22653. Calculate p(60).
-327
Let r(g) = -34450*g - 309989. Calculate r(-9).
61
Let m(j) = -j**3 - 212*j**2 + 7545*j + 2913. Give m(-243).
-3
Let a(k) = 3*k**3 + 68*k**2 + 398*k - 42. What is a(-5)?
-707
Let a(i) = -40455*i - 48020083. Give a(-1187).
2
Let r(q) = 5*q**3 + 96*q**2 + 439*q - 7. What is r(-12)?
-91
Let j(i) = -1831*i - 164807. Determine j(-90).
-17
Let a(g) = g**3 - 14*g**2 + 13*g - 1043. Give a(0).
-1043
Let a(l) = -l**3 - 30*l**2 + 716*l + 333. Determine a(16).
13
Let d(k) = -k**3 + 125*k**2 - 4182*k + 19390. What is d(53)?
-8
Let n(t) = -7*t**3 + 15235*t**2 - 233383*t - 10800. Determine n(2161).
5
Let p(i) = -i**3 + 10*i**2 + 80*i - 435. Give p(14).
-99
Let w(y) = -1180*y + 36584. Determine w(31).
4
Let k(r) = -r**2 + 5797*r - 338538. Calculate k(59).
4
Let g(v) = -6*v**2 + 2017*v + 73092. Calculate g(-33).
-3
Let j(s) = 549*s + 50513. Determine j(-92).
5
Let f(t) = -10*t**3 - 465*t**2 + 1217*t - 402. Give f(-49).
-10
Let k(q) = -q**2 - 554333*q - 4988912. Calculate k(-9).
4
Let g(f) = -12023*f + 144977. Calculate g(12).
701
Let c(a) = -4*a**3 - 27*a**2 + 56*a + 173. What is c(-7)?
-170
Let t(h) = 11*h**3 - 21*h**2 - 40*h + 86. Determine t(3).
74
Let u(g) = -50*g**2 - 10490*g + 31919. Calculate u(3).
-1
Let m(o) = -3*o**2 - 799*o - 10077. Determine m(-13).
-197
Let y(a) = a**3 + 370*a**2 - 1018*a - 239998. Calculate y(-371).
39
Let y(i) = 8*i**3 - 265*i**2 - 195*i - 1441. Determine y(34).
21
Let x(q) = 638189*q + 3190937. What is x(-5)?
-8
Let t(d) = -d**3 - 258*d**2 - 13242*d + 6523. Give t(-187).
-22
Let r(a) = 23*a + 3913. Give r(-170).
3
Let i(n) = -301*n + 70. What is i(3)?
-833
Let j(r) = 6*r**2 + 1423*r - 174020. Give j(89).
153
Let q(w) = 2*w**3 - 516*w**2 + 3509*w + 973. What is q(251)?
-282
Let v(b) = -b**3 - 138*b**2 + 2322*b + 5142. Determine v(-153).
1011
Let b(q) = -2*q**3 - 7*q**2 - 303*q - 1386. Calculate b(-5).
204
Let r(i) = -8*i**2 - 141*i + 2540. Determine r(13).
-645
Let s(n) = -349454*n + 2795622. Give s(8).
-10
Let u(y) = 1214*y + 162875. Give u(-134).
199
Let z(d) = d**3 - 33*d**2 - 7*d - 643. What is z(31)?
-2782
Let b(f) = -7*f**3 + 1200*f**2 + 153*f + 92015. Give b(172).
-5
Let d(n) = -3*n**3 - 542*n**2 + 1680*n - 79. Calculate d(3).
2
Let k(v) = -2*v**3 - 217*v**2 - 2397*v + 399. Determine k(-96).
111
Let k(s) = s**3 - 475*s**2 - 444*s - 243280. Calculate k(477).
-10
Let c(o) = 61*o**2 - 118*o + 324. What is c(6)?
1812
Let b(d) = -d**2 - 65*d + 387. Give b(-70).
37
Let p(h) = -h**2 - 2679*h + 46093. What is p(17)?
261
Let o(n) = -1155*n**2 - 31187*n - 80. Calculate o(-27).
-26
Let r(a) = a**3 + 512*a**2 + 18003*a - 2437. What is r(-474)?
1829
Let s(q) = -16657*q - 100226. What is s(-6)?
-284
Let s(y) = -15769*y - 1245779. Calculate s(-79).
-28
Let d(g) = 1823*g + 1793. Determine d(-2).
-1853
Let z(s) = 30*s**2 - 132*s + 373. What is z(3)?
247
Let v(w) = -16*w**3 + 165*w**2 + 366*w + 61. What is v(-2)?
117
Let d(j) = 2*j**2 + 768*j - 25697. Give d(-415).
33
Let m(y) = -1133*y + 173329. Give m(153).
-20
Let l(f) = -6*f**2 - 15*f + 974. Calculate l(-13).
155
Let d(j) = -6*j**2 - 97*j + 566. Determine d(6).
-232
Let a(j) = -4*j**2 + 449*j + 917. Give a(-2).
3
Let r(w) = 8956*w - 36353. Determine r(4).
-529
Let k(i) = -i**2 + 595*i - 23928. Give k(41).
-1214
Let g(h) = 11*h**2 + 588*h - 315. Determine g(-54).
9
Let u(v) = 9620*v + 67266. Calculate u(-7).
-74
Let y(n) = 2*n**2 - 136*n - 5490. What is y(95)?
-360
Let t(u) = -14*u**3 - 26*u**2 + 62*u + 25. Determine t(2).
-67
Let w(m) = -8*m**3 - 111*m**2 - 87*m - 1319. What is w(-14)?
95
Let g(o) = -52*o**2 + 1436*o - 94. Give g(27).
770
Let s(c) = -2*c**3 - 95*c**2 - 183*c - 2098. Calculate s(-46).
-28
Let o(v) = 49090*v - 1030803. What is o(21)?
87
Let a(t) = 20*t**2 + 1187*t + 1187. Give a(-1).
20
Let b(o) = -6*o**3 - 201*o**2 - 94*o + 167. Determine b(-33).
2
Let k(t) = 3*t**2 + 76*t + 305. What is k(-12)?
-175
Let g(k) = 50*k + 4877. Calculate g(-96).
77
Let w(y) = -6*y**2 + 4185*y - 65433. What is w(16)?
-9
Let c(u) = -202*u**3 - 13*u**2 + 8*u - 9. What is c(3)?
-5556
Let u(b) = 190*b**2 + 17*b + 52. What is u(-2)?
778
Let i(w) = -190720*w + 1525619. Calculate i(8).
-141
Let n(u) = 3*u**2 - 40163*u - 200894. Determine n(-5).
-4
Let k(w) = 6*w**2 + 186*w + 591. Give k(-3).
87
Let s(z) = -2883*z + 22906. Give s(8).
-158
Let b(i) = -81*i**2 - 3141*i + 30286. What is b(8)?
-26
Let x(t) = 2*t**2 - 198*t + 4913. What is x(50)?
13
Let w(d) = d**3 + 44*d**2 + 323*d + 467. Give w(-2).
-11
Let s(v) = 676*v - 14211. What is s(21)?
-15
Let c(k) = k**2 - 4422*k - 573257. What is c(-126)?
-209
Let j(g) = 3*g**2 - 120*g - 1559. Determine j(-10).
-59
Let x(d) = 90*d - 37523. Determine x(417).
7
Let h(s) = 168423*s + 168146. Calculate h(-1).
-277
Let k(b) = -207*b - 3475. What is k(-18)?
251
Let x(t) = -2*t**3 - 199*t**2 + 1056*t + 95551. Determine x(-100).
-49
Let n(v) = -5965*v + 36409. What is n(7)?
-5346
Let b(v) = -v**2 - 